[INFO] cloning repository https://github.com/ggriffiniii/babyweb
[INFO] running `Command { std: "git" "-c" "credential.helper=" "-c" "credential.helper=/workspace/cargo-home/bin/git-credential-null" "clone" "--bare" "https://github.com/ggriffiniii/babyweb" "/workspace/cache/git-repos/https%3A%2F%2Fgithub.com%2Fggriffiniii%2Fbabyweb", kill_on_drop: false }`
[INFO] [stderr] Cloning into bare repository '/workspace/cache/git-repos/https%3A%2F%2Fgithub.com%2Fggriffiniii%2Fbabyweb'...
[INFO] running `Command { std: "git" "rev-parse" "HEAD", kill_on_drop: false }`
[INFO] [stdout] 1189ac5a720abc66142f87881c8dd62e4986356b
[INFO] building ggriffiniii/babyweb against master#881c1ac408d93bb7adaa3a51dabab9266e82eee8 for issue-85264
[INFO] running `Command { std: "git" "clone" "/workspace/cache/git-repos/https%3A%2F%2Fgithub.com%2Fggriffiniii%2Fbabyweb" "/workspace/builds/worker-3/source", kill_on_drop: false }`
[INFO] [stderr] Cloning into '/workspace/builds/worker-3/source'...
[INFO] [stderr] done.
[INFO] validating manifest of git repo https://github.com/ggriffiniii/babyweb on toolchain 881c1ac408d93bb7adaa3a51dabab9266e82eee8
[INFO] running `Command { std: "/workspace/cargo-home/bin/cargo" "+881c1ac408d93bb7adaa3a51dabab9266e82eee8" "metadata" "--manifest-path" "Cargo.toml" "--no-deps", kill_on_drop: false }`
[INFO] started tweaking git repo https://github.com/ggriffiniii/babyweb
[INFO] finished tweaking git repo https://github.com/ggriffiniii/babyweb
[INFO] tweaked toml for git repo https://github.com/ggriffiniii/babyweb written to /workspace/builds/worker-3/source/Cargo.toml
[INFO] crate git repo https://github.com/ggriffiniii/babyweb already has a lockfile, it will not be regenerated
[INFO] running `Command { std: "/workspace/cargo-home/bin/cargo" "+881c1ac408d93bb7adaa3a51dabab9266e82eee8" "fetch" "--manifest-path" "Cargo.toml", kill_on_drop: false }`
[INFO] [stderr]     Updating git repository `https://github.com/ggriffiniii/babystats`
[INFO] [stderr]  Downloading crates ...
[INFO] [stderr]   Downloaded state v0.3.1
[INFO] [stderr]   Downloaded toml v0.4.5
[INFO] [stderr]   Downloaded ordermap v0.2.10
[INFO] [stderr]   Downloaded serde_json v1.0.2
[INFO] [stderr]   Downloaded cookie v0.9.1
[INFO] [stderr]   Downloaded yansi v0.3.3
[INFO] [stderr]   Downloaded base64 v0.5.2
[INFO] [stderr]   Downloaded gcc v0.3.51
[INFO] [stderr]   Downloaded csv-core v0.1.3
[INFO] [stderr]   Downloaded pest v0.4.1
[INFO] [stderr]   Downloaded unidecode v0.2.0
[INFO] [stderr]   Downloaded rocket_contrib v0.3.2
[INFO] [stderr]   Downloaded humansize v1.0.1
[INFO] [stderr]   Downloaded smallvec v0.4.2
[INFO] [stderr]   Downloaded dtoa v0.4.1
[INFO] [stderr]   Downloaded itoa v0.3.1
[INFO] [stderr]   Downloaded csv v1.0.0-beta.4
[INFO] [stderr]   Downloaded tera v0.10.9
[INFO] [stderr]   Downloaded serde_derive_internals v0.15.1
[INFO] [stderr]   Downloaded slug v0.1.2
[INFO] [stderr]   Downloaded serde_derive v1.0.11
[INFO] [stderr]   Downloaded rayon v0.7.1
[INFO] [stderr]   Downloaded rocket_codegen v0.3.2
[INFO] [stderr]   Downloaded untrusted v0.5.0
[INFO] [stderr]   Downloaded backtrace v0.3.2
[INFO] [stderr]   Downloaded pear v0.0.10
[INFO] [stderr]   Downloaded backtrace-sys v0.1.12
[INFO] [stderr]   Downloaded rustc-demangle v0.1.5
[INFO] [stderr]   Downloaded ring v0.11.0
[INFO] [stderr]   Downloaded serde v1.0.11
[INFO] [stderr]   Downloaded pear_codegen v0.0.10
[INFO] [stderr]   Downloaded hyper v0.10.12
[INFO] [stderr]   Downloaded rocket v0.3.2
[INFO] [stderr]   Downloaded chrono v0.4.0
[INFO] running `Command { std: "docker" "create" "-v" "/var/lib/crater-agent-workspace/builds/worker-3/target:/opt/rustwide/target:rw,Z" "-v" "/var/lib/crater-agent-workspace/builds/worker-3/source:/opt/rustwide/workdir:ro,Z" "-v" "/var/lib/crater-agent-workspace/cargo-home:/opt/rustwide/cargo-home:ro,Z" "-v" "/var/lib/crater-agent-workspace/rustup-home:/opt/rustwide/rustup-home:ro,Z" "-e" "SOURCE_DIR=/opt/rustwide/workdir" "-e" "CARGO_TARGET_DIR=/opt/rustwide/target" "-e" "CARGO_HOME=/opt/rustwide/cargo-home" "-e" "RUSTUP_HOME=/opt/rustwide/rustup-home" "-w" "/opt/rustwide/workdir" "-m" "1610612736" "--user" "0:0" "--network" "none" "ghcr.io/rust-lang/crates-build-env/linux@sha256:20528e8c29e4536546f0102ce88568b16ea7538393a33fcca951030f7af10457" "/opt/rustwide/cargo-home/bin/cargo" "+881c1ac408d93bb7adaa3a51dabab9266e82eee8" "metadata" "--no-deps" "--format-version=1", kill_on_drop: false }`
[INFO] [stdout] 6d08fb8aea725f61a69e6f49c71c96a2ac27ee48bf8c543492184d9255bad205
[INFO] [stderr] WARNING: Your kernel does not support swap limit capabilities or the cgroup is not mounted. Memory limited without swap.
[INFO] running `Command { std: "docker" "start" "-a" "6d08fb8aea725f61a69e6f49c71c96a2ac27ee48bf8c543492184d9255bad205", kill_on_drop: false }`
[INFO] running `Command { std: "docker" "inspect" "6d08fb8aea725f61a69e6f49c71c96a2ac27ee48bf8c543492184d9255bad205", kill_on_drop: false }`
[INFO] running `Command { std: "docker" "rm" "-f" "6d08fb8aea725f61a69e6f49c71c96a2ac27ee48bf8c543492184d9255bad205", kill_on_drop: false }`
[INFO] [stdout] 6d08fb8aea725f61a69e6f49c71c96a2ac27ee48bf8c543492184d9255bad205
[INFO] running `Command { std: "docker" "create" "-v" "/var/lib/crater-agent-workspace/builds/worker-3/target:/opt/rustwide/target:rw,Z" "-v" "/var/lib/crater-agent-workspace/builds/worker-3/source:/opt/rustwide/workdir:ro,Z" "-v" "/var/lib/crater-agent-workspace/cargo-home:/opt/rustwide/cargo-home:ro,Z" "-v" "/var/lib/crater-agent-workspace/rustup-home:/opt/rustwide/rustup-home:ro,Z" "-e" "SOURCE_DIR=/opt/rustwide/workdir" "-e" "CARGO_TARGET_DIR=/opt/rustwide/target" "-e" "CARGO_INCREMENTAL=0" "-e" "RUST_BACKTRACE=full" "-e" "RUSTFLAGS=--cap-lints=forbid" "-e" "CARGO_HOME=/opt/rustwide/cargo-home" "-e" "RUSTUP_HOME=/opt/rustwide/rustup-home" "-w" "/opt/rustwide/workdir" "-m" "1610612736" "--user" "0:0" "--network" "none" "ghcr.io/rust-lang/crates-build-env/linux@sha256:20528e8c29e4536546f0102ce88568b16ea7538393a33fcca951030f7af10457" "/opt/rustwide/cargo-home/bin/cargo" "+881c1ac408d93bb7adaa3a51dabab9266e82eee8" "build" "--frozen" "--message-format=json", kill_on_drop: false }`
[INFO] [stderr] WARNING: Your kernel does not support swap limit capabilities or the cgroup is not mounted. Memory limited without swap.
[INFO] [stdout] b333057d80dbb685f33a7a0f39d4ae1a029cdfc8ac79b0e3d73828024c3bccb6
[INFO] running `Command { std: "docker" "start" "-a" "b333057d80dbb685f33a7a0f39d4ae1a029cdfc8ac79b0e3d73828024c3bccb6", kill_on_drop: false }`
[INFO] [stderr]    Compiling libc v0.2.29
[INFO] [stderr]    Compiling lazy_static v0.2.8
[INFO] [stderr]    Compiling gcc v0.3.51
[INFO] [stderr]    Compiling either v1.1.0
[INFO] [stderr]    Compiling rayon-core v1.2.1
[INFO] [stderr]    Compiling scopeguard v0.3.2
[INFO] [stderr]    Compiling futures v0.1.14
[INFO] [stderr]    Compiling num-traits v0.1.40
[INFO] [stderr]    Compiling byteorder v1.1.0
[INFO] [stderr]    Compiling yansi v0.3.3
[INFO] [stderr]    Compiling percent-encoding v1.0.0
[INFO] [stderr]    Compiling untrusted v0.5.0
[INFO] [stderr]    Compiling unicode-xid v0.0.4
[INFO] [stderr]    Compiling quote v0.3.15
[INFO] [stderr]    Compiling rustc-demangle v0.1.5
[INFO] [stderr]    Compiling pear_codegen v0.0.10
[INFO] [stderr]    Compiling pear v0.0.10
[INFO] [stderr]    Compiling state v0.3.1
[INFO] [stderr]    Compiling unidecode v0.2.0
[INFO] [stderr]    Compiling smallvec v0.4.2
[INFO] [stderr]    Compiling ordermap v0.2.10
[INFO] [stderr]    Compiling humansize v1.0.1
[INFO] [stderr]    Compiling pest v0.4.1
[INFO] [stderr]    Compiling glob v0.2.11
[INFO] [stderr]    Compiling toml v0.4.5
[INFO] [stdout] error[E0557]: feature has been removed
[INFO] [stdout]  --> /opt/rustwide/cargo-home/registry/src/github.com-1ecc6299db9ec823/pear_codegen-0.0.10/src/lib.rs:1:45
[INFO] [stdout]   |
[INFO] [stdout] 1 | #![feature(plugin_registrar, rustc_private, quote)]
[INFO] [stdout]   |                                             ^^^^^ feature has been removed
[INFO] [stdout] 
[INFO] [stdout] 
[INFO] [stderr]    Compiling thread_local v0.3.4
[INFO] [stdout] error[E0462]: found staticlib `rustc` instead of rlib or dylib
[INFO] [stdout]  --> /opt/rustwide/cargo-home/registry/src/github.com-1ecc6299db9ec823/pear_codegen-0.0.10/src/lib.rs:3:1
[INFO] [stdout]   |
[INFO] [stdout] 3 | extern crate rustc;
[INFO] [stdout]   | ^^^^^^^^^^^^^^^^^^^
[INFO] [stdout]   |
[INFO] [stdout]   = help: please recompile that crate using --crate-type lib
[INFO] [stdout]   = note: the following crate versions were found:
[INFO] [stdout]           crate `rustc`: /opt/rustwide/rustup-home/toolchains/881c1ac408d93bb7adaa3a51dabab9266e82eee8/lib/rustlib/x86_64-unknown-linux-gnu/lib/librustc-nightly_rt.msan.a
[INFO] [stdout]           crate `rustc`: /opt/rustwide/rustup-home/toolchains/881c1ac408d93bb7adaa3a51dabab9266e82eee8/lib/rustlib/x86_64-unknown-linux-gnu/lib/librustc-nightly_rt.lsan.a
[INFO] [stdout]           crate `rustc`: /opt/rustwide/rustup-home/toolchains/881c1ac408d93bb7adaa3a51dabab9266e82eee8/lib/rustlib/x86_64-unknown-linux-gnu/lib/librustc-nightly_rt.asan.a
[INFO] [stdout]           crate `rustc`: /opt/rustwide/rustup-home/toolchains/881c1ac408d93bb7adaa3a51dabab9266e82eee8/lib/rustlib/x86_64-unknown-linux-gnu/lib/librustc-nightly_rt.tsan.a
[INFO] [stdout] 
[INFO] [stdout] 
[INFO] [stdout] error: aborting due to 2 previous errors
[INFO] [stdout] 
[INFO] [stdout] 
[INFO] [stdout] For more information about this error, try `rustc --explain E0557`.
[INFO] [stdout] 
[INFO] [stderr]    Compiling synom v0.11.3
[INFO] [stderr] error: could not compile `pear_codegen`
[INFO] [stderr] 
[INFO] [stderr] To learn more, run the command again with --verbose.
[INFO] [stderr] warning: build failed, waiting for other jobs to finish...
[INFO] [stdout] error[E0658]: trait bounds other than `Sized` on const fn parameters are unstable
[INFO] [stdout]   --> /opt/rustwide/cargo-home/registry/src/github.com-1ecc6299db9ec823/state-0.3.1/src/container.rs:97:18
[INFO] [stdout]    |
[INFO] [stdout] 97 |             map: UnsafeCell::new(0 as *mut _),
[INFO] [stdout]    |                  ^^^^^^^^^^^^^^^^^^^^^^^^^^^^
[INFO] [stdout]    |
[INFO] [stdout]    = note: see issue #57563 <https://github.com/rust-lang/rust/issues/57563> for more information
[INFO] [stdout]    = help: add `#![feature(const_fn_trait_bound)]` to the crate attributes to enable
[INFO] [stdout] 
[INFO] [stdout] 
[INFO] [stdout] error[E0658]: trait bounds other than `Sized` on const fn parameters are unstable
[INFO] [stdout]   --> /opt/rustwide/cargo-home/registry/src/github.com-1ecc6299db9ec823/state-0.3.1/src/container.rs:97:34
[INFO] [stdout]    |
[INFO] [stdout] 97 |             map: UnsafeCell::new(0 as *mut _),
[INFO] [stdout]    |                                  ^^^^^^^^^^^
[INFO] [stdout]    |
[INFO] [stdout]    = note: see issue #57563 <https://github.com/rust-lang/rust/issues/57563> for more information
[INFO] [stdout]    = help: add `#![feature(const_fn_trait_bound)]` to the crate attributes to enable
[INFO] [stdout] 
[INFO] [stdout] 
[INFO] [stdout] error[E0658]: trait bounds other than `Sized` on const fn parameters are unstable
[INFO] [stdout]   --> /opt/rustwide/cargo-home/registry/src/github.com-1ecc6299db9ec823/state-0.3.1/src/storage.rs:58:6
[INFO] [stdout]    |
[INFO] [stdout] 58 | impl<T: Send + Sync + 'static> Storage<T> {
[INFO] [stdout]    |      ^
[INFO] [stdout]    |
[INFO] [stdout]    = note: see issue #57563 <https://github.com/rust-lang/rust/issues/57563> for more information
[INFO] [stdout]    = help: add `#![feature(const_fn_trait_bound)]` to the crate attributes to enable
[INFO] [stdout] 
[INFO] [stdout] 
[INFO] [stdout] error: aborting due to 3 previous errors
[INFO] [stdout] 
[INFO] [stdout] 
[INFO] [stdout] For more information about this error, try `rustc --explain E0658`.
[INFO] [stdout] 
[INFO] [stderr] error: build failed
[INFO] running `Command { std: "docker" "inspect" "b333057d80dbb685f33a7a0f39d4ae1a029cdfc8ac79b0e3d73828024c3bccb6", kill_on_drop: false }`
[INFO] running `Command { std: "docker" "rm" "-f" "b333057d80dbb685f33a7a0f39d4ae1a029cdfc8ac79b0e3d73828024c3bccb6", kill_on_drop: false }`
[INFO] [stdout] b333057d80dbb685f33a7a0f39d4ae1a029cdfc8ac79b0e3d73828024c3bccb6
